{"id":2703,"date":"2017-08-24T12:02:21","date_gmt":"2017-08-24T10:02:21","guid":{"rendered":"https:\/\/www.a4toner.com\/blog\/?page_id=2703"},"modified":"2023-10-26T11:12:13","modified_gmt":"2023-10-26T09:12:13","slug":"partes-de-un-toner","status":"publish","type":"page","link":"https:\/\/www.a4toner.com\/blog\/partes-de-un-toner\/","title":{"rendered":"Partes de un t\u00f3ner"},"content":{"rendered":"<h2><strong>Partes de un cartucho de t\u00f3ner.<\/strong><\/h2>\n<p>Si ha llegado hasta aqu\u00ed probablemente ya sepa lo que es un t\u00f3ner as\u00ed que en este art\u00edculo lo que haremos es, a grandes rasgos, detallarle las partes del t\u00f3ner para que comprenda como funciona por dentro.<\/p>\n<h3><b><a href=\"https:\/\/www.a4toner.com\/blog\/wp-content\/uploads\/2015\/11\/toner-1.png\"><br \/>\n<\/a><img loading=\"lazy\" decoding=\"async\" class=\" wp-image-1234 alignleft\" src=\"https:\/\/www.a4toner.com\/blog\/wp-content\/uploads\/2015\/11\/toner-1.png\" alt=\"toner-1\" width=\"145\" height=\"59\" title=\"\">1. Recipiente de t\u00f3ner<\/b><\/h3>\n<p>Recipiente donde se encuentra <a href=\"https:\/\/www.a4toner.com\/blog\/partes-de-un-toner\/#9_Polvo_de_toner\">el polvo de t\u00f3ner<\/a> que se impregnar\u00e1 posteriormente de forma magn\u00e9tica en la p\u00e1gina.<\/p>\n<h3><b>\u00a0<\/b><\/h3>\n<h3><b>2. Sello<br \/>\n<\/b><\/h3>\n<p><img loading=\"lazy\" decoding=\"async\" class=\"size-full wp-image-1235 alignleft\" src=\"https:\/\/www.a4toner.com\/blog\/wp-content\/uploads\/2015\/11\/toner-2.png\" alt=\"toner-2\" width=\"122\" height=\"17\" title=\"\">\u00a0 \u00a0 \u00a0Tira desmontable de protecci\u00f3n, sirve para que no se derrame el <a href=\"https:\/\/www.a4toner.com\/\">t\u00f3ner<\/a> antes de la instalaci\u00f3n.<\/p>\n<h3><b><img loading=\"lazy\" decoding=\"async\" class=\" wp-image-1243 alignleft\" src=\"https:\/\/www.a4toner.com\/blog\/wp-content\/uploads\/2015\/11\/cuchilla-dosificadora-toner-laser-300x226.jpg\" alt=\"cuchilla-dosificadora-toner-laser\" width=\"140\" height=\"106\" title=\"\" srcset=\"https:\/\/www.a4toner.com\/blog\/wp-content\/uploads\/2015\/11\/cuchilla-dosificadora-toner-laser-300x226.jpg 300w, https:\/\/www.a4toner.com\/blog\/wp-content\/uploads\/2015\/11\/cuchilla-dosificadora-toner-laser.jpg 400w\" sizes=\"auto, (max-width: 140px) 100vw, 140px\" \/>3. El doctor Blade o cuchilla dosificadora<\/b><\/h3>\n<p>Regula la cantidad de t\u00f3ner que pasa por el rodillo magn\u00e9tico. Con el tiempo puede desgastarse y originar l\u00edneas que perjudiquen a la impresi\u00f3n.<\/p>\n<h3><b><br \/>\n<img loading=\"lazy\" decoding=\"async\" class=\" wp-image-1245 alignleft\" src=\"https:\/\/www.a4toner.com\/blog\/wp-content\/uploads\/2015\/11\/images.jpg\" alt=\"images\" width=\"149\" height=\"112\" title=\"\">4. Rodillo magn\u00e9tico (mag roller)<\/b><\/h3>\n<p>Cilindro imantado que transfiere el polvo desde el dep\u00f3sito para comenzar el proceso de impresi\u00f3n, este tiene una capa de tefl\u00f3n para evitar que se pegue el t\u00f3ner.<\/p>\n<h3><b><br \/>\n<\/b><img loading=\"lazy\" decoding=\"async\" class=\" wp-image-1238 alignleft\" src=\"https:\/\/www.a4toner.com\/blog\/wp-content\/uploads\/2015\/11\/toner-5.png\" alt=\"toner-5\" width=\"158\" height=\"38\" title=\"\"><b>5. Recipiente del t\u00f3ner desechable <\/b><\/h3>\n<p>Peque\u00f1o recipiente que recoge el t\u00f3ner sobrante que sale una vez impresas las hojas. No puede ser reutilizado.<\/p>\n<h3><b><a href=\"https:\/\/www.a4toner.com\/blog\/wp-content\/uploads\/2015\/11\/cuchilla-limpiadora.jpg\"><br \/>\n<img loading=\"lazy\" decoding=\"async\" class=\" wp-image-1244 alignleft\" src=\"https:\/\/www.a4toner.com\/blog\/wp-content\/uploads\/2015\/11\/cuchilla-limpiadora-300x155.jpg\" alt=\"cuchilla-limpiadora\" width=\"144\" height=\"74\" title=\"\" srcset=\"https:\/\/www.a4toner.com\/blog\/wp-content\/uploads\/2015\/11\/cuchilla-limpiadora-300x155.jpg 300w, https:\/\/www.a4toner.com\/blog\/wp-content\/uploads\/2015\/11\/cuchilla-limpiadora.jpg 517w\" sizes=\"auto, (max-width: 144px) 100vw, 144px\" \/><\/a>6. Cuchilla limpiadora <\/b><\/h3>\n<p>Limpia el t\u00f3ner que no fue transmitido al papel y lo retira al recipiente desechable<b>, <\/b>esta cuchilla es una de las principales causas del desgaste de la unidad de cilindro.<\/p>\n<h3><b><a href=\"https:\/\/www.a4toner.com\/blog\/wp-content\/uploads\/2015\/11\/rodilloCarga.jpg\"><img loading=\"lazy\" decoding=\"async\" class=\" wp-image-1242 alignleft\" src=\"https:\/\/www.a4toner.com\/blog\/wp-content\/uploads\/2015\/11\/rodilloCarga-300x202.jpg\" alt=\"rodilloCarga\" width=\"148\" height=\"100\" title=\"\" srcset=\"https:\/\/www.a4toner.com\/blog\/wp-content\/uploads\/2015\/11\/rodilloCarga-300x202.jpg 300w, https:\/\/www.a4toner.com\/blog\/wp-content\/uploads\/2015\/11\/rodilloCarga.jpg 500w\" sizes=\"auto, (max-width: 148px) 100vw, 148px\" \/><\/a>7. Rodillo de carga primaria <\/b><\/h3>\n<p>Est\u00e1 compuesto por un eje metal con goma moldeada al rededor de ella cuya funci\u00f3n es aplicar la electricidad a la superficie del cilindro para que el l\u00e1ser pueda escribir sobre cilindro. Tras escribir, emplea una se\u00f1al el\u00e9ctrica para que pueda escribir nuevamente<\/p>\n<h3><b>8. Unidad de cilindro<a href=\"https:\/\/www.a4toner.com\/blog\/wp-content\/uploads\/2015\/11\/unidad-de-cilindro.jpg\"><img loading=\"lazy\" decoding=\"async\" class=\" wp-image-1241 alignleft\" src=\"https:\/\/www.a4toner.com\/blog\/wp-content\/uploads\/2015\/11\/unidad-de-cilindro-300x79.jpg\" alt=\"unidad-de-cilindro\" width=\"156\" height=\"41\" title=\"\" srcset=\"https:\/\/www.a4toner.com\/blog\/wp-content\/uploads\/2015\/11\/unidad-de-cilindro-300x79.jpg 300w, https:\/\/www.a4toner.com\/blog\/wp-content\/uploads\/2015\/11\/unidad-de-cilindro-1024x270.jpg 1024w, https:\/\/www.a4toner.com\/blog\/wp-content\/uploads\/2015\/11\/unidad-de-cilindro.jpg 1477w\" sizes=\"auto, (max-width: 156px) 100vw, 156px\" \/><\/a><\/b><\/h3>\n<p>El cilindro de la impresora, t\u00edpicamente de color verde o azul, cuenta con engranajes en cada extremo que facilitan su rotaci\u00f3n.<\/p>\n<p>La transmisi\u00f3n el\u00e9ctrica suministra la carga negativa necesaria para transferir el t\u00f3ner a la hoja.<\/p>\n<p>Estos cilindros constan de tres capas:<\/p>\n<ul>\n<li>Capa de imprimaci\u00f3n: Funciona como un agente adherente entre el aluminio y la parte interna del cilindro.<\/li>\n<li>Capa de generaci\u00f3n de carga: Una capa extremadamente delgada que genera cargas en la superficie para permitir que el t\u00f3ner se adhiera al papel de manera magn\u00e9tica.<\/li>\n<li>Capa de transporte de carga: Facilita el paso del l\u00e1ser para interactuar con la capa de generaci\u00f3n de carga.<\/li>\n<\/ul>\n<p>Si lo que te interesa realmente es saber el precio de tu <a href=\"https:\/\/www.a4toner.com\/\">t\u00f3ner compatible<\/a> puedes visitar nuestra tienda online, solo tienes que introducir tu impresora en el buscador y le mostrara el consumible.<\/p>\n<header class=\"entry-header clearfix\">El polvo de toner es la tinta seca que se utiliza en las <a href=\"https:\/\/www.a4toner.com\/blog\/impresoras\/#Impresoras_Laser_criterios_a_la_hora_de_elegir_una_impresora_laser\">impresoras laser<\/a>, la impresion con este tipo de tinta es mediante fusi\u00f3n, ya que son unas particulas solidas que se adieren por su carga electrost\u00e1tica y luego se funden mediante calor al papel. Puedes ver que es el toner en nuestro siguiente articulo:<\/p>\n<blockquote class=\"wp-embedded-content\" data-secret=\"1YsOhrV28O\"><p><a href=\"https:\/\/www.a4toner.com\/blog\/el-toner-que-es-y-como-funciona\/\">El t\u00f3ner: qu\u00e9 es y c\u00f3mo funciona<\/a><\/p><\/blockquote>\n<p><iframe loading=\"lazy\" class=\"wp-embedded-content\" sandbox=\"allow-scripts\" security=\"restricted\" style=\"position: absolute; clip: rect(1px, 1px, 1px, 1px);\" title=\"\u00abEl t\u00f3ner: qu\u00e9 es y c\u00f3mo funciona\u00bb \u2014 \u2764\ufe0f A4toner: Cartuchos de tinta, toner e impresoras\" src=\"https:\/\/www.a4toner.com\/blog\/el-toner-que-es-y-como-funciona\/embed\/#?secret=sxvRPuJaYa#?secret=1YsOhrV28O\" data-secret=\"1YsOhrV28O\" width=\"500\" height=\"282\" frameborder=\"0\" marginwidth=\"0\" marginheight=\"0\" scrolling=\"no\"><\/iframe><\/p>\n<h3 class=\"entry-title\"><strong>10. Partes de un t\u00f3ner<\/strong><\/h3>\n<\/header>\n<div class=\"entry-content clearfix\">\n<p>Seguro que nunca os hab\u00e9is parado a pensar los componentes que forman parte del t\u00f3ner de vuestra impresora. Unos elementos sin los cuales no ser\u00eda posible llevar a cabo la impresi\u00f3n de documentos. Vuestras dudas van a ser disipadas en este post, en el que nos vamos a encargar de explicarlos estas piezas, las cuales cumplen una misi\u00f3n fundamental que nos afecta a todos.<\/p>\n<p><a href=\"https:\/\/www.a4toner.com\/blog\/wp-content\/uploads\/2015\/12\/partestoner-1024x803.jpg\"><img loading=\"lazy\" decoding=\"async\" class=\"aligncenter size-full wp-image-2379\" src=\"https:\/\/www.a4toner.com\/blog\/wp-content\/uploads\/2015\/12\/partestoner-1024x803.jpg\" alt=\"\" width=\"1024\" height=\"803\" title=\"\" srcset=\"https:\/\/www.a4toner.com\/blog\/wp-content\/uploads\/2015\/12\/partestoner-1024x803.jpg 1024w, https:\/\/www.a4toner.com\/blog\/wp-content\/uploads\/2015\/12\/partestoner-1024x803-300x235.jpg 300w, https:\/\/www.a4toner.com\/blog\/wp-content\/uploads\/2015\/12\/partestoner-1024x803-768x602.jpg 768w\" sizes=\"auto, (max-width: 1024px) 100vw, 1024px\" \/><\/a><\/p>\n<\/div>\n<p>Comenzamos por analizar el <a href=\"https:\/\/www.a4toner.com\/blog\/partes-de-un-toner\/#8_Unidad_de_cilindro\"><strong>cilindro de imagen o tambor OPC<\/strong><\/a>. El mismo se utiliza en todas las fases del proceso de impresi\u00f3n, por lo que est\u00e1 directamente relacionado con la calidad de los resultados. En concreto, se trata de un cilindro recubierto de una capa semiconductora capaz de retener una carga electrost\u00e1tica, ofreciendo unos niveles de durabilidad y estabilidad. Entre sus caracter\u00edsticas m\u00e1s relevantes tenemos que destacar la estabilidad con la que dotan al texto y las im\u00e1genes durante el proceso de impresi\u00f3n.<\/p>\n<p>El t\u00f3ner tambi\u00e9n est\u00e1 compuesto por la <a href=\"https:\/\/www.a4toner.com\/blog\/partes-de-un-toner\/#6_Cuchilla_limpiadora\"><strong>cuchilla limpiadora<\/strong><\/a>. En este caso hablamos de una l\u00e1mina de poliuretano montada sobre una gu\u00eda met\u00e1lica. \u00bfSu funci\u00f3n? Limpiar la superficie del cilindro de imagen de manera mec\u00e1nica, pues est\u00e1 en contacto con \u00e9l permanentemente. As\u00ed, los restos que atrapa este elemento son arrastrados a la tolva de residuos.<\/p>\n<p>A continuaci\u00f3n es interesante comentar las funciones del <a href=\"https:\/\/www.a4toner.com\/blog\/partes-de-un-toner\/#7_Rodillo_de_carga_primaria\"><strong>PCR o cilindro de primario de goma<\/strong><\/a>. Como su nombre indica, es un cilindro con un interior ferroso. Este elemento trabaja unido al cilindro de imagen y genera una carga negativa uniforme. En la mayor\u00eda de los t\u00f3ner se encuentra ubicado en el cartucho o en la unidad de imagen.<\/p>\n<p>En cuarto lugar hablamos del<a href=\"https:\/\/www.a4toner.com\/blog\/partes-de-un-toner\/#4_Rodillo_magnetico_mag_roller\"> <strong>Mag Roller o rodillo magn\u00e9tico<\/strong><\/a>. Se trata de un elemento que expone una capa de polvo de t\u00f3ner con una carga electrost\u00e1tica apropiada ante el cilindro de imagen de modo que \u00e9sta se revela mediante transferencia.<\/p>\n<p>Por \u00faltimo, tambi\u00e9n forma parte de este conjunto de mecanismos el <a href=\"https:\/\/www.a4toner.com\/blog\/partes-de-un-toner\/#9_Polvo_de_toner\"><strong>polvo de t\u00f3ner<\/strong><\/a>. No es magia ni nada que se le parezca. En concreto, se trata de tinta seca que ha sido cargada el\u00e9ctricamente. La carga el\u00e9ctrica permite viajar desde e interior del cartucho hasta el papel mediante la exposici\u00f3n de cargas opuestas.<\/p>\n<p>Todos estos elementos son los responsables de la calidad del t\u00f3ner y por consiguiente, de los trabajos que imprimimos. Nunca est\u00e1 de m\u00e1s conocer las partes y el funcionamiento del t\u00f3ner. As\u00ed sabemos de qu\u00e9 mecanismos dependen las garant\u00edas de nuestros trabajos finales.<\/p>\n<p>Si te interesa el <a href=\"http:\/\/colorpremium.es\/blog\/funciona-una-impresora-laser\/\" rel=\"nofollow noopener\" target=\"_blank\">proceso de impresi\u00f3n l\u00e1ser<\/a> te recomendamos este art\u00edculo tambi\u00e9n.<\/p>\n","protected":false},"excerpt":{"rendered":"<p>Partes de un cartucho de t\u00f3ner. Si ha llegado hasta aqu\u00ed probablemente ya sepa lo que es un t\u00f3ner as\u00ed que en este art\u00edculo lo que haremos es, a grandes rasgos, detallarle las partes del t\u00f3ner para que comprenda como funciona por dentro. 1. Recipiente de t\u00f3ner Recipiente donde se encuentra el polvo de t\u00f3ner [&hellip;]<\/p>\n","protected":false},"author":3,"featured_media":10198,"parent":0,"menu_order":0,"comment_status":"closed","ping_status":"closed","template":"","meta":{"_bbp_topic_count":0,"_bbp_reply_count":0,"_bbp_total_topic_count":0,"_bbp_total_reply_count":0,"_bbp_voice_count":0,"_bbp_anonymous_reply_count":0,"_bbp_topic_count_hidden":0,"_bbp_reply_count_hidden":0,"_bbp_forum_subforum_count":0,"site-sidebar-layout":"default","site-content-layout":"","ast-site-content-layout":"default","site-content-style":"default","site-sidebar-style":"default","ast-global-header-display":"","ast-banner-title-visibility":"","ast-main-header-display":"","ast-hfb-above-header-display":"","ast-hfb-below-header-display":"","ast-hfb-mobile-header-display":"","site-post-title":"","ast-breadcrumbs-content":"","ast-featured-img":"","footer-sml-layout":"","theme-transparent-header-meta":"","adv-header-id-meta":"","stick-header-meta":"","header-above-stick-meta":"","header-main-stick-meta":"","header-below-stick-meta":"","astra-migrate-meta-layouts":"set","ast-page-background-enabled":"default","ast-page-background-meta":{"desktop":{"background-color":"","background-image":"","background-repeat":"repeat","background-position":"center center","background-size":"auto","background-attachment":"scroll","background-type":"","background-media":"","overlay-type":"","overlay-color":"","overlay-opacity":"","overlay-gradient":""},"tablet":{"background-color":"","background-image":"","background-repeat":"repeat","background-position":"center center","background-size":"auto","background-attachment":"scroll","background-type":"","background-media":"","overlay-type":"","overlay-color":"","overlay-opacity":"","overlay-gradient":""},"mobile":{"background-color":"","background-image":"","background-repeat":"repeat","background-position":"center center","background-size":"auto","background-attachment":"scroll","background-type":"","background-media":"","overlay-type":"","overlay-color":"","overlay-opacity":"","overlay-gradient":""}},"ast-content-background-meta":{"desktop":{"background-color":"var(--ast-global-color-5)","background-image":"","background-repeat":"repeat","background-position":"center center","background-size":"auto","background-attachment":"scroll","background-type":"","background-media":"","overlay-type":"","overlay-color":"","overlay-opacity":"","overlay-gradient":""},"tablet":{"background-color":"var(--ast-global-color-5)","background-image":"","background-repeat":"repeat","background-position":"center center","background-size":"auto","background-attachment":"scroll","background-type":"","background-media":"","overlay-type":"","overlay-color":"","overlay-opacity":"","overlay-gradient":""},"mobile":{"background-color":"var(--ast-global-color-5)","background-image":"","background-repeat":"repeat","background-position":"center center","background-size":"auto","background-attachment":"scroll","background-type":"","background-media":"","overlay-type":"","overlay-color":"","overlay-opacity":"","overlay-gradient":""}},"footnotes":""},"class_list":["post-2703","page","type-page","status-publish","has-post-thumbnail","hentry"],"_links":{"self":[{"href":"https:\/\/www.a4toner.com\/blog\/wp-json\/wp\/v2\/pages\/2703","targetHints":{"allow":["GET"]}}],"collection":[{"href":"https:\/\/www.a4toner.com\/blog\/wp-json\/wp\/v2\/pages"}],"about":[{"href":"https:\/\/www.a4toner.com\/blog\/wp-json\/wp\/v2\/types\/page"}],"author":[{"embeddable":true,"href":"https:\/\/www.a4toner.com\/blog\/wp-json\/wp\/v2\/users\/3"}],"replies":[{"embeddable":true,"href":"https:\/\/www.a4toner.com\/blog\/wp-json\/wp\/v2\/comments?post=2703"}],"version-history":[{"count":11,"href":"https:\/\/www.a4toner.com\/blog\/wp-json\/wp\/v2\/pages\/2703\/revisions"}],"predecessor-version":[{"id":10282,"href":"https:\/\/www.a4toner.com\/blog\/wp-json\/wp\/v2\/pages\/2703\/revisions\/10282"}],"wp:featuredmedia":[{"embeddable":true,"href":"https:\/\/www.a4toner.com\/blog\/wp-json\/wp\/v2\/media\/10198"}],"wp:attachment":[{"href":"https:\/\/www.a4toner.com\/blog\/wp-json\/wp\/v2\/media?parent=2703"}],"curies":[{"name":"wp","href":"https:\/\/api.w.org\/{rel}","templated":true}]}}