{"id":8754,"date":"2021-09-21T11:39:33","date_gmt":"2021-09-21T09:39:33","guid":{"rendered":"https:\/\/www.a4toner.com\/blog\/?page_id=8754"},"modified":"2021-09-22T08:22:37","modified_gmt":"2021-09-22T06:22:37","slug":"por-que-te-conviene-no-actualizar-tu-impresora","status":"publish","type":"page","link":"https:\/\/www.a4toner.com\/blog\/por-que-te-conviene-no-actualizar-tu-impresora\/","title":{"rendered":"Por qu\u00e9 te conviene no ACTUALIZAR TU IMPRESORA"},"content":{"rendered":"\n<p><strong>\u00bfPor qu\u00e9 decimos esto?<\/strong> Porque sabemos que las actualizaciones <strong>mayoritariamente traen problemas<\/strong> a la hora de aceptar distintas marcas de cartuchos. Las empresas que vendemos tinta de calidad de otra marca que no sea la marca original de HP sabemos que no podemos lidiar con las actualizaciones.<\/p>\n\n\n\n<p><strong>\u00bfNos aportan alguna cosa buena las actualizaciones<\/strong>, a parte de hacer que no podamos utilizar cartuchos compatibles.? <strong>La respuesta b\u00e1sicamente es no<\/strong>. Pueden llegar hacer alguna otra cosa que no notar\u00e1s para nada, y en cambio har\u00e1n que est\u00e9s obligado a utilizar tan solo sus art\u00edculos. As\u00ed de f\u00e1cil controlan a tu impresora y por ende, a ti.<\/p>\n\n\n\n<p>Muchos de los clientes de a4toner nos preguntan como <strong>eliminar estas actualizaciones<\/strong> tan molestas. Aqu\u00ed te explicamos como hacerlo, desde la misma impresora, desde el ordenador e incluso finalmente desde una app.<\/p>\n\n\n\n<ol class=\"wp-block-list\"><li>DESDE LA MISMA IMPRESORA<\/li><\/ol>\n\n\n\n<p>Desde la impresora es la manera m\u00e1s intuitiva y f\u00e1cil de hacer creemos. Aunque eso cada uno elige.<\/p>\n\n\n\n<ol class=\"wp-block-list\" type=\"A\"><li>Buscamos y clicamos el icono de <strong>CONFIGURACI\u00d3N<\/strong>.<\/li><\/ol>\n\n\n\n<p>B. Elegimos el \u00edtem de <strong>MANTENIMIENTO DE LA IMPRESORA \u00d3 EXTRA<\/strong><\/p>\n\n\n\n<p>C. Elegimos el \u00edtem <strong>ACTUALIZAR LA IMPRESORA<\/strong><\/p>\n\n\n\n<p>D. Elegimos <strong>ACTUALIZACI\u00d3N AUTOM\u00c1TICA <\/strong>\u00f3<strong> OPCIONES DE ACTUALIZACI\u00d3N<\/strong><\/p>\n\n\n\n<p>E. Clicar <strong>NO ACTUALIZAR<\/strong>.<\/p>\n\n\n\n<p>Lo hagamos del modo que lo hagamos llegado aqu\u00ed nos preguntar\u00e1 si estamos seguros que no queremos actualizar nuestra impresora, que es lo m\u00e1s segura para ella \u2026. Decimos <strong>NO<\/strong>.<\/p>\n\n\n\n<ol class=\"wp-block-list\" start=\"2\"><li><strong>DESDE EL MISMO ORDENADOR<\/strong><\/li><\/ol>\n\n\n\n<ol class=\"wp-block-list\" type=\"A\"><li>Buscar el software de actualizaci\u00f3n de tu impresora. Para ello entrar en <strong>INICIO<\/strong>. Si tienes Windows 8, en el buscador pon HP Update y seleccionalo.<\/li><\/ol>\n\n\n\n<ol class=\"wp-block-list\" type=\"A\" start=\"2\"><li>Entra a la carpeta HP y busca <strong>HP update<\/strong> o <strong>Actualizaci\u00f3n software HP<\/strong>.<\/li><\/ol>\n\n\n\n<ol class=\"wp-block-list\" type=\"A\" start=\"3\"><li>Se nos habr\u00e1 abierto una pantalla de la impresora Hp donde usualmente en la parte inferior veremos <strong>CONFIGURACI\u00d3N<\/strong>, marcamos esto.<\/li><\/ol>\n\n\n\n<ol class=\"wp-block-list\" type=\"A\" start=\"4\"><li>En esta pantalla marcar que no queremos <strong>NUNCA<\/strong> y clicar en <strong>ACEPTAR<\/strong>.<\/li><\/ol>\n\n\n\n<ol class=\"wp-block-list\" type=\"A\" start=\"5\"><li>Nos saldr\u00e1 un warning avisando que es mejor que activemos las actualizaciones, a lo cual le pondremos que <strong>NO<\/strong>.<\/li><\/ol>\n\n\n\n<ol class=\"wp-block-list\" start=\"3\"><li><strong>DESDE UNA APP<\/strong><\/li><\/ol>\n\n\n\n<p>Muy parecido a las otras dos opciones<\/p>\n\n\n\n<p>A. <strong>CONFIGURACI\u00d3N AVANZADA<\/strong><\/p>\n\n\n\n<ol class=\"wp-block-list\" type=\"A\" start=\"2\"><li><strong>HERRAMIENTAS<\/strong><\/li><li><strong>ACTUALIZACI\u00d3N<\/strong><\/li><li><strong>NO BUSCAR ACTUALIZACIONES<\/strong><\/li><\/ol>\n\n\n\n<p>Y clicar en aplicar, en este caso de nuevo nos volver\u00e1 a decir algo as\u00ed como que es m\u00e1s seguro que la impresora se actualize, le decimos que NO.<\/p>\n\n\n\n<p>Con estos sencillos pasos, podr\u00e1s evitar que HP controle tu impresora y haga cambios que tu no quieres, el m\u00e1s importante que no puedas utilizar las tintas compatibles de a4toner y de cualquier otro sitio. La calidad si tiene un precio pero no tiene que ser el de los originales HP, y en cualquier caso t\u00fa debes poder elegir.<\/p>\n\n\n\n<p><\/p>\n\n\n\n<p>\u00a1<strong>No actualice su impresora!<\/strong><\/p>\n\n\n\n<p>En el momento en el que nos decidimos por cartuchos o <a href=\"https:\/\/www.a4toner.com\/\" target=\"_blank\" rel=\"noreferrer noopener\">toners\u00a0<\/a>compatibles pensamos si tendremos problemas con la compatibilidad del cartucho y nuestra impresora. Las marcas oficiales <strong>lanzan peri\u00f3dicamente actualizaciones<\/strong> para sus impresoras que normalmente se actualizan de forma autom\u00e1tica (<strong>\u00a1error!<\/strong>) o mediante cuadros\u00a0de di\u00e1logo que nosotros debemos aceptar (<strong>\u00a1no los aceptes!<\/strong>). Si al instalar su impresora estuviste de acuerdo en que se actualizase cada vez que una nueva actualizaci\u00f3n saliese es mejor que <strong>deshagas dicho error.<\/strong><\/p>\n\n\n\n<div class=\"wp-block-image\"><figure class=\"aligncenter\"><a href=\"https:\/\/www.a4toner.com\/blog\/wp-content\/uploads\/2015\/10\/update.jpg\"><img loading=\"lazy\" decoding=\"async\" width=\"300\" height=\"138\" src=\"https:\/\/www.a4toner.com\/blog\/wp-content\/uploads\/2015\/10\/update-300x138.jpg\" alt=\"update\" class=\"wp-image-1193\" title=\"\" srcset=\"https:\/\/www.a4toner.com\/blog\/wp-content\/uploads\/2015\/10\/update-300x138.jpg 300w, https:\/\/www.a4toner.com\/blog\/wp-content\/uploads\/2015\/10\/update.jpg 485w\" sizes=\"auto, (max-width: 300px) 100vw, 300px\" \/><\/a><\/figure><\/div>\n\n\n\n<p>\u00bf<strong>Por qu\u00e9 es buena idea no actualizar nuestra impresora?<\/strong><\/p>\n\n\n\n<p>Sencillo, las actualizaciones sirven sobretodo para detectar si se est\u00e1n usando cartuchos no originales, por lo que si a una impresora que ha estado utilizando durante un tiempo compatibles, de repente es actualizada a la \u00faltima versi\u00f3n de su firmware, <strong>va a provocar que el cartucho deje de ser reconocido.<\/strong><br><strong><br>Una de las soluciones es volver a un estado anterior de la impresora<\/strong> para que pueda seguir utilizando compatibles.<br>Y no es que el cartucho est\u00e9 defectuoso, <strong>el cartucho puede servir perfectamente<\/strong> para otra impresora que no haya sido actualizada, pero claro, al usar compatibles solemos creer que es el propio cartucho que tiene un defecto y no suele ser as\u00ed!<\/p>\n\n\n\n<p>Depende de la impresora que utilices vendr\u00e1 con un panel de control propio, en el cual en alg\u00fan lugar de \u201cConfiguraci\u00f3n\u201d, debe de haber un apartado donde ponga<strong> \u201cActualizar controlador\u201d<\/strong> que debe estar en <strong>\u201cNunca\u201d.<\/strong><a href=\"https:\/\/www.a4toner.com\/blog\/wp-content\/uploads\/2015\/10\/updat2.jpg\"><\/a><\/p>\n\n\n\n<div class=\"wp-block-image\"><figure class=\"aligncenter\"><img loading=\"lazy\" decoding=\"async\" width=\"297\" height=\"300\" src=\"https:\/\/www.a4toner.com\/blog\/wp-content\/uploads\/2015\/10\/updat2-297x300.jpg\" alt=\"updat2\" class=\"wp-image-1192\" title=\"\" srcset=\"https:\/\/www.a4toner.com\/blog\/wp-content\/uploads\/2015\/10\/updat2-297x300.jpg 297w, https:\/\/www.a4toner.com\/blog\/wp-content\/uploads\/2015\/10\/updat2.jpg 389w\" sizes=\"auto, (max-width: 297px) 100vw, 297px\" \/><\/figure><\/div>\n\n\n\n<p>Y es as\u00ed como evitaremos posibles sustos cuando m\u00e1s falta nos haga imprimir nuestros documentos.<\/p>\n","protected":false},"excerpt":{"rendered":"<p>\u00bfPor qu\u00e9 decimos esto? Porque sabemos que las actualizaciones mayoritariamente traen problemas a la hora de aceptar distintas marcas de cartuchos. Las empresas que vendemos tinta de calidad de otra marca que no sea la marca original de HP sabemos que no podemos lidiar con las actualizaciones. \u00bfNos aportan alguna cosa buena las actualizaciones, a [&hellip;]<\/p>\n","protected":false},"author":3,"featured_media":8755,"parent":0,"menu_order":0,"comment_status":"closed","ping_status":"closed","template":"","meta":{"_bbp_topic_count":0,"_bbp_reply_count":0,"_bbp_total_topic_count":0,"_bbp_total_reply_count":0,"_bbp_voice_count":0,"_bbp_anonymous_reply_count":0,"_bbp_topic_count_hidden":0,"_bbp_reply_count_hidden":0,"_bbp_forum_subforum_count":0,"site-sidebar-layout":"default","site-content-layout":"default","ast-site-content-layout":"default","site-content-style":"default","site-sidebar-style":"default","ast-global-header-display":"","ast-banner-title-visibility":"","ast-main-header-display":"","ast-hfb-above-header-display":"","ast-hfb-below-header-display":"","ast-hfb-mobile-header-display":"","site-post-title":"","ast-breadcrumbs-content":"","ast-featured-img":"","footer-sml-layout":"","theme-transparent-header-meta":"default","adv-header-id-meta":"","stick-header-meta":"","header-above-stick-meta":"","header-main-stick-meta":"","header-below-stick-meta":"","astra-migrate-meta-layouts":"default","ast-page-background-enabled":"default","ast-page-background-meta":{"desktop":{"background-color":"","background-image":"","background-repeat":"repeat","background-position":"center center","background-size":"auto","background-attachment":"scroll","background-type":"","background-media":"","overlay-type":"","overlay-color":"","overlay-opacity":"","overlay-gradient":""},"tablet":{"background-color":"","background-image":"","background-repeat":"repeat","background-position":"center center","background-size":"auto","background-attachment":"scroll","background-type":"","background-media":"","overlay-type":"","overlay-color":"","overlay-opacity":"","overlay-gradient":""},"mobile":{"background-color":"","background-image":"","background-repeat":"repeat","background-position":"center center","background-size":"auto","background-attachment":"scroll","background-type":"","background-media":"","overlay-type":"","overlay-color":"","overlay-opacity":"","overlay-gradient":""}},"ast-content-background-meta":{"desktop":{"background-color":"var(--ast-global-color-5)","background-image":"","background-repeat":"repeat","background-position":"center center","background-size":"auto","background-attachment":"scroll","background-type":"","background-media":"","overlay-type":"","overlay-color":"","overlay-opacity":"","overlay-gradient":""},"tablet":{"background-color":"var(--ast-global-color-5)","background-image":"","background-repeat":"repeat","background-position":"center center","background-size":"auto","background-attachment":"scroll","background-type":"","background-media":"","overlay-type":"","overlay-color":"","overlay-opacity":"","overlay-gradient":""},"mobile":{"background-color":"var(--ast-global-color-5)","background-image":"","background-repeat":"repeat","background-position":"center center","background-size":"auto","background-attachment":"scroll","background-type":"","background-media":"","overlay-type":"","overlay-color":"","overlay-opacity":"","overlay-gradient":""}},"footnotes":""},"class_list":["post-8754","page","type-page","status-publish","has-post-thumbnail","hentry"],"_links":{"self":[{"href":"https:\/\/www.a4toner.com\/blog\/wp-json\/wp\/v2\/pages\/8754","targetHints":{"allow":["GET"]}}],"collection":[{"href":"https:\/\/www.a4toner.com\/blog\/wp-json\/wp\/v2\/pages"}],"about":[{"href":"https:\/\/www.a4toner.com\/blog\/wp-json\/wp\/v2\/types\/page"}],"author":[{"embeddable":true,"href":"https:\/\/www.a4toner.com\/blog\/wp-json\/wp\/v2\/users\/3"}],"replies":[{"embeddable":true,"href":"https:\/\/www.a4toner.com\/blog\/wp-json\/wp\/v2\/comments?post=8754"}],"version-history":[{"count":2,"href":"https:\/\/www.a4toner.com\/blog\/wp-json\/wp\/v2\/pages\/8754\/revisions"}],"predecessor-version":[{"id":8760,"href":"https:\/\/www.a4toner.com\/blog\/wp-json\/wp\/v2\/pages\/8754\/revisions\/8760"}],"wp:featuredmedia":[{"embeddable":true,"href":"https:\/\/www.a4toner.com\/blog\/wp-json\/wp\/v2\/media\/8755"}],"wp:attachment":[{"href":"https:\/\/www.a4toner.com\/blog\/wp-json\/wp\/v2\/media?parent=8754"}],"curies":[{"name":"wp","href":"https:\/\/api.w.org\/{rel}","templated":true}]}}