{"id":9239,"date":"2022-01-20T17:14:50","date_gmt":"2022-01-20T16:14:50","guid":{"rendered":"https:\/\/www.a4toner.com\/blog\/?page_id=9239"},"modified":"2022-01-20T17:56:21","modified_gmt":"2022-01-20T16:56:21","slug":"atrevete-a-probar","status":"publish","type":"page","link":"https:\/\/www.a4toner.com\/blog\/storytelling\/atrevete-a-probar\/","title":{"rendered":"\u00a1Atr\u00e9vete a probar!"},"content":{"rendered":"\n<p>El miedo a lo nuevo, a lo desconocido, a llover sobre mojado\u2026<br>\u00bfQu\u00e9 te queremos decir?<br>Te lo cuento.<br><br>Soy aut\u00f3nomo como tantos miles de personas en Espa\u00f1a, necesito hacer malabares para que los n\u00fameros cuadren y TODO vaya bien.<br>Sobrevivimos bien en parte gracias a que, adem\u00e1s, de dar un buen servicio, me atrevo a probar cosas nuevas y aunque a veces me he equivocado, son m\u00e1s las veces que he salido ganando, y siempre he aprendido algo.<\/p>\n\n\n\n<div class=\"wp-block-image\"><figure class=\"aligncenter size-full\"><a href=\"https:\/\/www.a4toner.com\/blog\/wp-content\/uploads\/2022\/01\/Esta-manera-de-hacer-me-ha-llevado-a-intentar-reducir-gastos-algo-imprescindible.-min.png\"><img loading=\"lazy\" decoding=\"async\" width=\"400\" height=\"250\" src=\"https:\/\/www.a4toner.com\/blog\/wp-content\/uploads\/2022\/01\/Esta-manera-de-hacer-me-ha-llevado-a-intentar-reducir-gastos-algo-imprescindible.-min.png\" alt=\"A4toner te ayuda a tener menos gastos\" class=\"wp-image-9240\" title=\"Ahorrar a4toner\" srcset=\"https:\/\/www.a4toner.com\/blog\/wp-content\/uploads\/2022\/01\/Esta-manera-de-hacer-me-ha-llevado-a-intentar-reducir-gastos-algo-imprescindible.-min.png 400w, https:\/\/www.a4toner.com\/blog\/wp-content\/uploads\/2022\/01\/Esta-manera-de-hacer-me-ha-llevado-a-intentar-reducir-gastos-algo-imprescindible.-min-300x188.png 300w\" sizes=\"auto, (max-width: 400px) 100vw, 400px\" \/><\/a><\/figure><\/div>\n\n\n\n<p> Una situaci\u00f3n divertida fue lo que me pas\u00f3 con el caf\u00e9:<br>&nbsp; <em>En mi oficina compraba las c\u00e1psulas de caf\u00e9 de la marca original de la cafetera, te adelanto que baratas no eran.<br>Lo hac\u00eda porque las habladur\u00edas dec\u00edan que las otras c\u00e1psulas, m\u00e1s baratas, romper\u00edan mi cafetera.<br>Y claro, al final lo barato sale caro y bla bla bla\u2026<br><br>Una ma\u00f1ana, en mi oficina, estaba tomando mi caf\u00e9, y un chico que trabaja conmigo me dijo, \u201c\u00bfqu\u00e9 te parece el caf\u00e9 hoy?\u201d, a lo que respond\u00ed, \u201cpues como siempre, bueno la verdad\u201d. El chico se r\u00ede y me dice, \u201cun amigo tiene una empresa de caf\u00e9 nueva y me ha dado estas c\u00e1psulas, me he tomado la libertad de ponerlas en la oficina para ver qu\u00e9 os parec\u00edan sin contaros que no eran las de siempre\u201d.<br><br>Yo asustada fui a ver la cafetera corriendo y me sorprend\u00ed, y no estaba rota. Le coment\u00e9 al compa\u00f1ero que no me daba confianza, ten\u00eda miedo que se rompiera la cafetera. Me dijo muy seguro, que si se romp\u00eda, \u00e9l compraba otra.<br><br>Esta seguridad me motiv\u00f3 a seguir tomando caf\u00e9s de una marca distinta, eso s\u00ed, en mi nuevo mundo de caf\u00e9s, encontr\u00e9 mejores y peores, eleg\u00ed uno que realmente me gust\u00f3 much\u00edsimo y aun as\u00ed segu\u00eda ahorrando una barbaridad.<\/em><br><br><strong>Reducir gastos para un aut\u00f3nomo es fundamental, tanto en la empresa como en casa.<\/strong> <\/p>\n\n\n\n<div class=\"wp-block-image\"><figure class=\"aligncenter size-full is-resized\"><a href=\"www.a4toner.com\"><img loading=\"lazy\" decoding=\"async\" src=\"https:\/\/www.a4toner.com\/blog\/wp-content\/uploads\/2022\/01\/Quiero-entrar-en-A4toner.png\" alt=\"\" class=\"wp-image-9246\" width=\"400\" height=\"50\" title=\"\" srcset=\"https:\/\/www.a4toner.com\/blog\/wp-content\/uploads\/2022\/01\/Quiero-entrar-en-A4toner.png 400w, https:\/\/www.a4toner.com\/blog\/wp-content\/uploads\/2022\/01\/Quiero-entrar-en-A4toner-300x38.png 300w\" sizes=\"auto, (max-width: 400px) 100vw, 400px\" \/><\/a><\/figure><\/div>\n\n\n\n<p> Por todo esto, te recomiendo que pruebes todas las opciones y decidas (t\u00fa) cu\u00e1l es la mejor.<br><br><strong>\u00a1Atr\u00e9vete a probar! Te aseguro que la balanza te saldr\u00e1 positiva.<\/strong><br><br><strong>En A4toner queremos que siempre puedas elegir lo que t\u00fa quieras y que a tu disposici\u00f3n est\u00e9<br>siempre la opci\u00f3n m\u00e1s adecuada a tus necesidades.<\/strong><br><br>Igual que con las c\u00e1psulas de caf\u00e9, lo m\u00e1s importante es la calidad y no es cierto que si no son<br>de la misma marca de la m\u00e1quina, van a romperla.\u00a0<br>Con nuestras tintas compatibles pasa igual, no rompen tu impresora y tienen m\u00faltiples<br>beneficios.<br><br>Queremos que lo experimentes t\u00fa mismo y si buscas: \u00a0Excelente calidad de color \u00a0M\u00e1xima cantidad de impresi\u00f3n \u00a0Precios m\u00e1s econ\u00f3micos Sin da\u00f1ar la vida \u00fatil de t\u00fa impresora<br><br><a href=\"https:\/\/www.a4toner.com\" target=\"_blank\" rel=\"noreferrer noopener\">Haz clic aqu\u00ed y pru\u00e9balo.<\/a><br><br><br>Tambi\u00e9n puedes contestarnos a este email para cualquier duda \u00a1la que sea!<br><br><strong>Nos encantar\u00e1 ayudarte.<\/strong><br><br><strong>\u00bfNecesitas imprimir? \u00bfBuscas la mejor opci\u00f3n? \u00bfHablamos?<\/strong><br><br>Estamos contigo, <\/p>\n\n\n\n<figure class=\"wp-block-gallery columns-1 is-cropped wp-block-gallery-2 is-layout-flex wp-block-gallery-is-layout-flex\"><ul class=\"blocks-gallery-grid\"><li class=\"blocks-gallery-item\"><figure><a href=\"https:\/\/www.a4toner.com\/blog\/wp-content\/uploads\/2022\/01\/firma-blog-2.png\"><img loading=\"lazy\" decoding=\"async\" width=\"1024\" height=\"126\" src=\"https:\/\/www.a4toner.com\/blog\/wp-content\/uploads\/2022\/01\/firma-blog-2-1024x126.png\" alt=\"\" data-id=\"9245\" data-full-url=\"https:\/\/www.a4toner.com\/blog\/wp-content\/uploads\/2022\/01\/firma-blog-2.png\" data-link=\"https:\/\/www.a4toner.com\/blog\/?attachment_id=9245\" class=\"wp-image-9245\" title=\"\" srcset=\"https:\/\/www.a4toner.com\/blog\/wp-content\/uploads\/2022\/01\/firma-blog-2-1024x126.png 1024w, https:\/\/www.a4toner.com\/blog\/wp-content\/uploads\/2022\/01\/firma-blog-2-300x37.png 300w, https:\/\/www.a4toner.com\/blog\/wp-content\/uploads\/2022\/01\/firma-blog-2-768x94.png 768w, https:\/\/www.a4toner.com\/blog\/wp-content\/uploads\/2022\/01\/firma-blog-2.png 1286w\" sizes=\"auto, (max-width: 1024px) 100vw, 1024px\" \/><\/a><\/figure><\/li><\/ul><\/figure>\n\n\n\n<p>P.D: Ensayo y error, el lema de los investigadores. \u00a1Atr\u00e9vete a probar! Alguna vez saldr\u00e1 mal, pero merecer\u00e1 la pena por el aprendizaje y por todas las que saldr\u00e1n bien.<\/p>\n","protected":false},"excerpt":{"rendered":"<p>El miedo a lo nuevo, a lo desconocido, a llover sobre mojado\u2026\u00bfQu\u00e9 te queremos decir?Te lo cuento. Soy aut\u00f3nomo como tantos miles de personas en Espa\u00f1a, necesito hacer malabares para que los n\u00fameros cuadren y TODO vaya bien.Sobrevivimos bien en parte gracias a que, adem\u00e1s, de dar un buen servicio, me atrevo a probar cosas [&hellip;]<\/p>\n","protected":false},"author":4,"featured_media":9258,"parent":8950,"menu_order":0,"comment_status":"closed","ping_status":"closed","template":"","meta":{"_bbp_topic_count":0,"_bbp_reply_count":0,"_bbp_total_topic_count":0,"_bbp_total_reply_count":0,"_bbp_voice_count":0,"_bbp_anonymous_reply_count":0,"_bbp_topic_count_hidden":0,"_bbp_reply_count_hidden":0,"_bbp_forum_subforum_count":0,"site-sidebar-layout":"default","site-content-layout":"","ast-site-content-layout":"default","site-content-style":"default","site-sidebar-style":"default","ast-global-header-display":"","ast-banner-title-visibility":"","ast-main-header-display":"","ast-hfb-above-header-display":"","ast-hfb-below-header-display":"","ast-hfb-mobile-header-display":"","site-post-title":"","ast-breadcrumbs-content":"","ast-featured-img":"","footer-sml-layout":"","theme-transparent-header-meta":"","adv-header-id-meta":"","stick-header-meta":"","header-above-stick-meta":"","header-main-stick-meta":"","header-below-stick-meta":"","astra-migrate-meta-layouts":"default","ast-page-background-enabled":"default","ast-page-background-meta":{"desktop":{"background-color":"","background-image":"","background-repeat":"repeat","background-position":"center center","background-size":"auto","background-attachment":"scroll","background-type":"","background-media":"","overlay-type":"","overlay-color":"","overlay-opacity":"","overlay-gradient":""},"tablet":{"background-color":"","background-image":"","background-repeat":"repeat","background-position":"center center","background-size":"auto","background-attachment":"scroll","background-type":"","background-media":"","overlay-type":"","overlay-color":"","overlay-opacity":"","overlay-gradient":""},"mobile":{"background-color":"","background-image":"","background-repeat":"repeat","background-position":"center center","background-size":"auto","background-attachment":"scroll","background-type":"","background-media":"","overlay-type":"","overlay-color":"","overlay-opacity":"","overlay-gradient":""}},"ast-content-background-meta":{"desktop":{"background-color":"var(--ast-global-color-5)","background-image":"","background-repeat":"repeat","background-position":"center center","background-size":"auto","background-attachment":"scroll","background-type":"","background-media":"","overlay-type":"","overlay-color":"","overlay-opacity":"","overlay-gradient":""},"tablet":{"background-color":"var(--ast-global-color-5)","background-image":"","background-repeat":"repeat","background-position":"center center","background-size":"auto","background-attachment":"scroll","background-type":"","background-media":"","overlay-type":"","overlay-color":"","overlay-opacity":"","overlay-gradient":""},"mobile":{"background-color":"var(--ast-global-color-5)","background-image":"","background-repeat":"repeat","background-position":"center center","background-size":"auto","background-attachment":"scroll","background-type":"","background-media":"","overlay-type":"","overlay-color":"","overlay-opacity":"","overlay-gradient":""}},"footnotes":""},"class_list":["post-9239","page","type-page","status-publish","has-post-thumbnail","hentry"],"_links":{"self":[{"href":"https:\/\/www.a4toner.com\/blog\/wp-json\/wp\/v2\/pages\/9239","targetHints":{"allow":["GET"]}}],"collection":[{"href":"https:\/\/www.a4toner.com\/blog\/wp-json\/wp\/v2\/pages"}],"about":[{"href":"https:\/\/www.a4toner.com\/blog\/wp-json\/wp\/v2\/types\/page"}],"author":[{"embeddable":true,"href":"https:\/\/www.a4toner.com\/blog\/wp-json\/wp\/v2\/users\/4"}],"replies":[{"embeddable":true,"href":"https:\/\/www.a4toner.com\/blog\/wp-json\/wp\/v2\/comments?post=9239"}],"version-history":[{"count":8,"href":"https:\/\/www.a4toner.com\/blog\/wp-json\/wp\/v2\/pages\/9239\/revisions"}],"predecessor-version":[{"id":9416,"href":"https:\/\/www.a4toner.com\/blog\/wp-json\/wp\/v2\/pages\/9239\/revisions\/9416"}],"up":[{"embeddable":true,"href":"https:\/\/www.a4toner.com\/blog\/wp-json\/wp\/v2\/pages\/8950"}],"wp:featuredmedia":[{"embeddable":true,"href":"https:\/\/www.a4toner.com\/blog\/wp-json\/wp\/v2\/media\/9258"}],"wp:attachment":[{"href":"https:\/\/www.a4toner.com\/blog\/wp-json\/wp\/v2\/media?parent=9239"}],"curies":[{"name":"wp","href":"https:\/\/api.w.org\/{rel}","templated":true}]}}