{"id":9733,"date":"2022-06-30T12:38:41","date_gmt":"2022-06-30T10:38:41","guid":{"rendered":"https:\/\/www.a4toner.com\/blog\/?page_id=9733"},"modified":"2024-05-10T09:44:42","modified_gmt":"2024-05-10T07:44:42","slug":"como-conectar-una-impresora-al-wifi-para-imprimir","status":"publish","type":"page","link":"https:\/\/www.a4toner.com\/blog\/como-conectar-una-impresora-al-wifi-para-imprimir\/","title":{"rendered":"\u00bfC\u00f3mo conectar una impresora al Wifi para imprimir?"},"content":{"rendered":"\n<p>El Wifi es un tipo de red inal\u00e1mbrica muy \u00fatil que permite conectar distintos dispositivos al router sin necesidad de utilizar cables. Tanto en casa como en el trabajo, este tipo de redes suponen un avance a la hora de acceder a internet sin tener que disponer de una compleja infraestructura con tomas de acceso a internet, pudiendo conectar ordenadores, impresoras, tel\u00e9fonos m\u00f3viles, y cualquier otro dispositivo desde cualquier ubicaci\u00f3n.<\/p>\n\n\n\n<p><strong>Conectar una impresora al Wifi<\/strong> es una de las tareas m\u00e1s comunes que se deben realizar en las empresas y en casa hoy en d\u00eda, ya que, de esta manera, se podr\u00e1 imprimir en dicha impresora desde cualquier dispositivo conectado a la red Wifi.<\/p>\n\n\n\n<p>Poder imprimir a distancia aporta numerosas ventajas como optimizar los tiempos de trabajo, reducir los costes en instalaciones de red, facilitar el trabajo colaborativo o imprimir directamente desde el correo electr\u00f3nico, entre otras.<\/p>\n\n\n\n<p>Veamos distintas <strong>formas de conectar una impresora el Wifi<\/strong> para poder imprimir de forma remota desde cualquier dispositivo conectado a la red.<\/p>\n\n\n\n<p>Si necesitas un art\u00edculo m\u00e1s completo, con detalles de como conectar la impresora a la red o por usb, pude que te interese este otro art\u00edculo: <strong><em>\u00ab<a href=\"https:\/\/www.a4toner.com\/blog\/instalar-impresoras-red\/\">Como conectar de forma segura tu impresora<\/a>\u00ab<\/em><\/strong><\/p>\n\n\n<div id=\"rank-math-faq\" class=\"rank-math-block\">\n<div class=\"rank-math-list \">\n<div id=\"faq-question-1656598573732\" class=\"rank-math-list-item\">\n<h2 class=\"rank-math-question \">C<strong>onectar la impresora a la red Wifi con el bot\u00f3n WPS<\/strong><\/h2>\n<div class=\"rank-math-answer \">\n\n<p>Conectar una impresora a una red inal\u00e1mbrica Wifi mediante WPS (<em>Wifi Protected Setup<\/em>) es la forma m\u00e1s sencilla de hacerlo. Esta opci\u00f3n de conexi\u00f3n necesita tres elementos b\u00e1sicos para poder realizarse:<\/p>\n\n<\/div>\n<\/div>\n<\/div>\n<\/div>\n\n\n<ul class=\"wp-block-list\"><li>Un <strong>router que disponga de la opci\u00f3n WPS<\/strong> (que incluya un bot\u00f3n marcado con el nombre WPS).<\/li><li>Una <strong>red Wifi que disponga de contrase\u00f1a<\/strong> (bajo los protocolos de seguridad WPA o WPA2).<\/li><li>Una impresora o equipo multifunci\u00f3n con <strong>compatibilidad con Wifi y WPS<\/strong> (si la impresora no es Wifi o no incluye la tecnolog\u00eda WPS no se podr\u00e1 realizar la conexi\u00f3n por este m\u00e9todo, como es obvio).<\/li><\/ul>\n\n\n\n<p>Veamos paso a paso c\u00f3mo podemos conectar nuestra impresora al Wifi mediante WPS, sin tener que utilizar un ordenador o port\u00e1til durante este proceso.<\/p>\n\n\n\n<h3 class=\"wp-block-heading\"><strong>Mantener pulsado el bot\u00f3n WPS de la impresora<\/strong><\/h3>\n\n\n\n<p>El primer paso es acudir a la impresora, localizar el bot\u00f3n WPS, y mantenerlo pulsado durante unos segundos hasta que comience a parpadear.<\/p>\n\n\n\n<p>Si la impresora carece de este bot\u00f3n, pero es compatible con la tecnolog\u00eda WPS, basta con ir a las opciones de configuraci\u00f3n y activar el WPS. En ese momento, la impresora entra en un \u201c<em>modo de escucha<\/em>\u00ab, esperando una conexi\u00f3n mediante WPS al router para poder comenzar el proceso de vinculaci\u00f3n entre ambos dispositivos de hardware.<\/p>\n\n\n\n<h3 class=\"wp-block-heading\"><strong>Mantener pulsado el bot\u00f3n WPS en el router<\/strong><\/h3>\n\n\n\n<p>Con el WPS de la impresora en modo activo, hay que hacer el mismo proceso en el router, es decir, mantener pulsado durante unos segundos su bot\u00f3n WPS hasta que su luz comience a parpadear.<\/p>\n\n\n\n<p>Las se\u00f1ales WPS de la impresora y el router se encontrar\u00e1n y comenzar\u00e1n el proceso de configuraci\u00f3n de la comunicaci\u00f3n entre ambos dispositivos.<\/p>\n\n\n\n<figure class=\"wp-block-image size-large\"><a href=\"https:\/\/www.a4toner.com\/blog\/wp-content\/uploads\/2022\/06\/impresora-a-la-red-Wifi-con-el-boton-WPS.jpg\"><img loading=\"lazy\" decoding=\"async\" width=\"1024\" height=\"576\" src=\"https:\/\/www.a4toner.com\/blog\/wp-content\/uploads\/2022\/06\/impresora-a-la-red-Wifi-con-el-boton-WPS-1024x576.jpg\" alt=\"impresora a la red Wifi con el bot\u00f3n WPS\" class=\"wp-image-9737\" title=\"\" srcset=\"https:\/\/www.a4toner.com\/blog\/wp-content\/uploads\/2022\/06\/impresora-a-la-red-Wifi-con-el-boton-WPS-1024x576.jpg 1024w, https:\/\/www.a4toner.com\/blog\/wp-content\/uploads\/2022\/06\/impresora-a-la-red-Wifi-con-el-boton-WPS-300x169.jpg 300w, https:\/\/www.a4toner.com\/blog\/wp-content\/uploads\/2022\/06\/impresora-a-la-red-Wifi-con-el-boton-WPS-768x432.jpg 768w, https:\/\/www.a4toner.com\/blog\/wp-content\/uploads\/2022\/06\/impresora-a-la-red-Wifi-con-el-boton-WPS.jpg 1280w\" sizes=\"auto, (max-width: 1024px) 100vw, 1024px\" \/><\/a><figcaption>Impresora a la red Wifi con el bot\u00f3n WPS<\/figcaption><\/figure>\n\n\n\n<h3 class=\"wp-block-heading\"><strong>Esperar hasta dos minutos<\/strong><\/h3>\n\n\n\n<p>Con los procesos anteriores, la tecnolog\u00eda WPS se encarga de conectar ambos dispositivos y realizar la configuraci\u00f3n de acceso de manera autom\u00e1tica. Este proceso puede durar hasta dos minutos, por lo que se debe ser paciente y esperar este tiempo antes de pensar que algo ha fallado.<\/p>\n\n\n\n<p>Tras esperar este tiempo prudencial es momento de comprobar que la impresora est\u00e1 disponible en la red para lo cual se puede realizar una comprobaci\u00f3n desde un ordenador personal o desde un dispositivo m\u00f3vil (al realizar una b\u00fasqueda de impresoras de red, el equipo debe detectar la nueva impresora conectada a la red Wifi, permitiendo a\u00f1adirla al equipo para instalarla y que est\u00e9 disponible para realizar impresiones remotas).<\/p>\n\n\n\n<h3 class=\"wp-block-heading\"><strong>Acceder a la impresora desde los dispositivos de red<\/strong><\/h3>\n\n\n\n<p>Con la impresora ya conectada a la red Wifi ya se puede imprimir desde los distintos dispositivos conectados a la misma. Por ejemplo, desde un PC la impresora ser\u00e1 detectada de forma autom\u00e1tica y a\u00f1adida a las opciones de impresi\u00f3n. Instalando el software de la impresora en el ordenador se tendr\u00e1 acceso tambi\u00e9n a otras utilidades de impresi\u00f3n (como conocer el nivel de las tintas o el estado del t\u00f3ner, por ejemplo).<\/p>\n\n\n<div id=\"rank-math-faq\" class=\"rank-math-block\">\n<div class=\"rank-math-list \">\n<div id=\"faq-question-1656598615119\" class=\"rank-math-list-item\">\n<h2 class=\"rank-math-question \"><strong>Conectar la impresora a la red Wifi a trav\u00e9s del ordenador<\/strong><\/h2>\n<div class=\"rank-math-answer \">\n\n<p>Otra forma de conectar una impresora o equipo multifunci\u00f3n a una red Wifi es utilizando la configuraci\u00f3n de un ordenador personal o un port\u00e1til. Veamos cu\u00e1les son los pasos a seguir para realizar este tipo de configuraci\u00f3n y poder imprimir en la impresora al conectarla a la red Wifi.<\/p>\n\n<\/div>\n<\/div>\n<\/div>\n<\/div>\n\n\n<h3 class=\"wp-block-heading\"><strong>Ir al Panel de Control de Windows<\/strong><\/h3>\n\n\n\n<p>Acceder al Panel de Control de Windows es el primer paso a realizar para poder llevar a cabo esta conexi\u00f3n de la impresora al Wifi. En Windows 10 y 11 no hay un acceso directo creado para acceder al Panel de Control, como s\u00ed suced\u00eda en versiones anteriores de Windows, por lo que la forma m\u00e1s sencilla de entrar en dicho panel, es escribiendo su nombre en el cuadro de b\u00fasqueda de la barra de tareas. De esta manera, se mostrar\u00e1 el icono de acceso al Panel de Control y se podr\u00e1n acceder a sus distintas utilidades.<\/p>\n\n\n\n<h3 class=\"wp-block-heading\"><strong>Ver Dispositivos e Impresoras<\/strong><\/h3>\n\n\n\n<p>Dentro de las opciones de Hardware del Panel de Control, hay que seleccionar el enlace para Ver dispositivos e impresoras. Accedemos a una pantalla donde se puede realizar una b\u00fasqueda de impresoras a trav\u00e9s del bot\u00f3n Agregar una impresora.<\/p>\n\n\n\n<h3 class=\"wp-block-heading\"><strong>Seleccionar el modelo de impresora<\/strong><\/h3>\n\n\n\n<p>Tras escanear la red el PC, encontrar\u00e1 la impresora inal\u00e1mbrica y la mostrar\u00e1 en pantalla, dando la opci\u00f3n de comenzar el proceso de instalaci\u00f3n y configuraci\u00f3n. Este proceso puede llevar unos minutos, pues el ordenador necesita instalar los drivers de la impresora para que pueda funcionar de forma correcta.<\/p>\n\n\n\n<h3 class=\"wp-block-heading\"><strong>Verificar la instalaci\u00f3n<\/strong><\/h3>\n\n\n\n<p>Una vez concluido el proceso de instalaci\u00f3n de la impresora, se mostrar\u00e1 una opci\u00f3n para imprimir una p\u00e1gina de prueba. Se trata de un test ideal para confirmar que todo el proceso de instalaci\u00f3n y configuraci\u00f3n de la impresora se ha realizado de forma correcta.<\/p>\n\n\n\n<p>Si la impresi\u00f3n de prueba falla se debe comenzar de nuevo el proceso por si algo ha fallado, aunque probablemente el problema puede deberse a una mala se\u00f1al del Wifi. Por este motivo, es importante verificar que el equipo o dispositivo que se est\u00e1 conectando a la impresora Wifi debe tener una buena se\u00f1al.<\/p>\n\n\n\n<p>La propia impresora tambi\u00e9n debe situarse en un lugar donde la se\u00f1al del Wifi llegue al m\u00e1ximo, as\u00ed se podr\u00e1 sacar su m\u00e1ximo rendimiento, minimizando los posibles errores de conexi\u00f3n.<\/p>\n\n\n\n<h3 class=\"wp-block-heading\"><strong>Compartir impresora<\/strong><\/h3>\n\n\n\n<p>Una vez la impresora est\u00e9 bien configurada y funcionando en el ordenador, es posible <strong>compartirla para darle acceso a aquellos equipos que se conecten a la red por cable<\/strong>. Es una forma de ampliar a\u00fan m\u00e1s el alcance de la impresora Wifi en la red, dando acceso a todos los ordenadores conectados a la red, independientemente de si lo hacen de forma inal\u00e1mbrica o por cable. La desventaja de esta opci\u00f3n es que, el equipo que comparte la impresora Wifi, siempre tiene que estar encendido para que los equipos sin acceso Wifi a la impresora puedan imprimir.<\/p>\n\n\n\n<p>Para compartir la impresora solo hay que localizarla en las opciones de dispositivos e impresoras de Windows, y acceder a sus propiedades. En la pesta\u00f1a compartir, se podr\u00e1 activar esta opci\u00f3n y asignar un nombre personalizado a la impresora, para que el resto de equipos de la red puedan encontrarla y acceder a ella.<\/p>\n\n\n\n<p>El proceso a realizar en los distintos equipos de la red para acceder a la impresora compartida es el mismo que para encontrar una impresora de red, mencionado al comienzo de este apartado 2.<\/p>\n\n\n<div id=\"rank-math-faq\" class=\"rank-math-block\">\n<div class=\"rank-math-list \">\n<div id=\"faq-question-1656598728980\" class=\"rank-math-list-item\">\n<h2 class=\"rank-math-question \"><strong>Conectar un tel\u00e9fono m\u00f3vil o tablet al Wifi<\/strong><\/h2>\n<div class=\"rank-math-answer \">\n\n<p>Conectar dispositivos m\u00f3viles a la impresora es un proceso sencillo una vez la impresora ya est\u00e1 conectada a esta red. Lo mejor es <strong>utilizar una app espec\u00edfica para facilitar todo el proceso<\/strong> y tener acceso a la impresora desde un smartphone o una tablet.<\/p>\n\n<\/div>\n<\/div>\n<\/div>\n<\/div>\n\n\n<p><\/p>\n\n\n\n<div class=\"wp-block-columns is-layout-flex wp-container-core-columns-is-layout-28f84493 wp-block-columns-is-layout-flex\">\n<div class=\"wp-block-column is-layout-flow wp-block-column-is-layout-flow\" style=\"flex-basis:66.66%\">\n<p>Las distintas marcas de impresora cuentan con <strong>apps m\u00f3viles propias que se pueden descargar, instalar, y usar desde tablets y m\u00f3viles para acceder a las impresoras Wifi<\/strong>. Normalmente, estas aplicaciones necesitan de un pin de acceso a la impresora que se suele encontrar en la etiqueta de las mismas (como es el caso de los modelos de impresora de la marca HP, por ejemplo).<\/p>\n<\/div>\n\n\n\n<div class=\"wp-block-column is-vertically-aligned-center is-layout-flow wp-block-column-is-layout-flow\" style=\"flex-basis:33.33%\">\n<figure class=\"wp-block-image aligncenter size-full\"><a href=\"https:\/\/www.a4toner.com\/blog\/wp-content\/uploads\/2022\/06\/Conectar-un-telefono-movil-o-tablet-al-Wifi.jpg\"><img loading=\"lazy\" decoding=\"async\" width=\"253\" height=\"180\" src=\"https:\/\/www.a4toner.com\/blog\/wp-content\/uploads\/2022\/06\/Conectar-un-telefono-movil-o-tablet-al-Wifi.jpg\" alt=\"Conectar un tel\u00e9fono m\u00f3vil o tablet al Wifi\" class=\"wp-image-9739\" title=\"\"><\/a><figcaption>Conectar un tel\u00e9fono m\u00f3vil o tablet al Wifi<\/figcaption><\/figure>\n<\/div>\n<\/div>\n\n\n\n<p>Hemos visto diversas formas de instalar o <strong>conectar una impresora al Wifi<\/strong> para tener accesos a impresi\u00f3n desde cualquier dispositivo de la red. Gracias a la tecnolog\u00eda WPS todo el proceso es muy r\u00e1pido y sencillo, sin la necesidad de disponer de conocimientos inform\u00e1ticos o de red avanzados, o tener que emplear un PC para realizar esta tarea de conexi\u00f3n y configuraci\u00f3n.<\/p>\n\n\n\n<p>En configuraciones m\u00e1s completas y avanzadas, se puede compartir una impresora Wifi desde un ordenador personal, para as\u00ed ofrecer acceso a esa impresora inal\u00e1mbrica a todos los equipos que se conectan a la red a trav\u00e9s de cable.<\/p>\n\n\n\n<p>El avance de las tecnolog\u00edas de red y de impresi\u00f3n ofrece modelos de impresoras Wifi que tienen un gran alcance y rendimiento, por lo que apostar por este tipo de modelos de impresoras es una opci\u00f3n muy interesante y eficiente para disponer de una impresora de red a la que tengan acceso todos los dispositivos de casa o del trabajo.<\/p>\n","protected":false},"excerpt":{"rendered":"<p>El Wifi es un tipo de red inal\u00e1mbrica muy \u00fatil que permite conectar distintos dispositivos al router sin necesidad de utilizar cables. Tanto en casa como en el trabajo, este tipo de redes suponen un avance a la hora de acceder a internet sin tener que disponer de una compleja infraestructura con tomas de acceso [&hellip;]<\/p>\n","protected":false},"author":4,"featured_media":9735,"parent":0,"menu_order":0,"comment_status":"closed","ping_status":"closed","template":"","meta":{"_bbp_topic_count":0,"_bbp_reply_count":0,"_bbp_total_topic_count":0,"_bbp_total_reply_count":0,"_bbp_voice_count":0,"_bbp_anonymous_reply_count":0,"_bbp_topic_count_hidden":0,"_bbp_reply_count_hidden":0,"_bbp_forum_subforum_count":0,"site-sidebar-layout":"default","site-content-layout":"","ast-site-content-layout":"default","site-content-style":"default","site-sidebar-style":"default","ast-global-header-display":"","ast-banner-title-visibility":"","ast-main-header-display":"","ast-hfb-above-header-display":"","ast-hfb-below-header-display":"","ast-hfb-mobile-header-display":"","site-post-title":"","ast-breadcrumbs-content":"","ast-featured-img":"","footer-sml-layout":"","theme-transparent-header-meta":"","adv-header-id-meta":"","stick-header-meta":"","header-above-stick-meta":"","header-main-stick-meta":"","header-below-stick-meta":"","astra-migrate-meta-layouts":"set","ast-page-background-enabled":"default","ast-page-background-meta":{"desktop":{"background-color":"","background-image":"","background-repeat":"repeat","background-position":"center center","background-size":"auto","background-attachment":"scroll","background-type":"","background-media":"","overlay-type":"","overlay-color":"","overlay-opacity":"","overlay-gradient":""},"tablet":{"background-color":"","background-image":"","background-repeat":"repeat","background-position":"center center","background-size":"auto","background-attachment":"scroll","background-type":"","background-media":"","overlay-type":"","overlay-color":"","overlay-opacity":"","overlay-gradient":""},"mobile":{"background-color":"","background-image":"","background-repeat":"repeat","background-position":"center center","background-size":"auto","background-attachment":"scroll","background-type":"","background-media":"","overlay-type":"","overlay-color":"","overlay-opacity":"","overlay-gradient":""}},"ast-content-background-meta":{"desktop":{"background-color":"var(--ast-global-color-5)","background-image":"","background-repeat":"repeat","background-position":"center center","background-size":"auto","background-attachment":"scroll","background-type":"","background-media":"","overlay-type":"","overlay-color":"","overlay-opacity":"","overlay-gradient":""},"tablet":{"background-color":"var(--ast-global-color-5)","background-image":"","background-repeat":"repeat","background-position":"center center","background-size":"auto","background-attachment":"scroll","background-type":"","background-media":"","overlay-type":"","overlay-color":"","overlay-opacity":"","overlay-gradient":""},"mobile":{"background-color":"var(--ast-global-color-5)","background-image":"","background-repeat":"repeat","background-position":"center center","background-size":"auto","background-attachment":"scroll","background-type":"","background-media":"","overlay-type":"","overlay-color":"","overlay-opacity":"","overlay-gradient":""}},"footnotes":""},"class_list":["post-9733","page","type-page","status-publish","has-post-thumbnail","hentry"],"_links":{"self":[{"href":"https:\/\/www.a4toner.com\/blog\/wp-json\/wp\/v2\/pages\/9733","targetHints":{"allow":["GET"]}}],"collection":[{"href":"https:\/\/www.a4toner.com\/blog\/wp-json\/wp\/v2\/pages"}],"about":[{"href":"https:\/\/www.a4toner.com\/blog\/wp-json\/wp\/v2\/types\/page"}],"author":[{"embeddable":true,"href":"https:\/\/www.a4toner.com\/blog\/wp-json\/wp\/v2\/users\/4"}],"replies":[{"embeddable":true,"href":"https:\/\/www.a4toner.com\/blog\/wp-json\/wp\/v2\/comments?post=9733"}],"version-history":[{"count":12,"href":"https:\/\/www.a4toner.com\/blog\/wp-json\/wp\/v2\/pages\/9733\/revisions"}],"predecessor-version":[{"id":10531,"href":"https:\/\/www.a4toner.com\/blog\/wp-json\/wp\/v2\/pages\/9733\/revisions\/10531"}],"wp:featuredmedia":[{"embeddable":true,"href":"https:\/\/www.a4toner.com\/blog\/wp-json\/wp\/v2\/media\/9735"}],"wp:attachment":[{"href":"https:\/\/www.a4toner.com\/blog\/wp-json\/wp\/v2\/media?parent=9733"}],"curies":[{"name":"wp","href":"https:\/\/api.w.org\/{rel}","templated":true}]}}